its digit of 59?
9
What is the units digit of 121?
1
What is the units digit of 4876?
6
What is the units digit of 11905?
5
What is the tens digit of 5991?
9
What is the hundreds digit of 15166?
1
What is the units digit of 5323?
3
What is the tens digit of 5757?
5
What is the thousands digit of 27941?
7
What is the hundreds digit of 229?
2
What is the hundreds digit of 873?
8
What is the thousands digit of 13681?
3
What is the units digit of 619?
9
What is the hundreds digit of 2696?
6
What is the tens digit of 1340?
4
What is the thousands digit of 1585?
1
What is the hundreds digit of 345?
3
What is the units digit of 2391?
1
What is the units digit of 19857?
7
What is the tens digit of 589?
8
What is the thousands digit of 1334?
1
What is the thousands digit of 2568?
2
What is the hundreds digit of 6175?
1
What is the units digit of 5002?
2
What is the tens digit of 167095?
9
What is the units digit of 9812?
2
What is the thousands digit of 110956?
0
What is the hundreds digit of 44673?
6
What is the tens digit of 12624?
2
What is the hundreds digit of 1823?
8
What is the thousands digit of 8288?
8
What is the units digit of 4356?
6
What is the thousands digit of 23892?
3
What is the hundreds digit of 40684?
6
What is the hundreds digit of 92081?
0
What is the tens digit of 41120?
2
What is the units digit of 46278?
8
What is the units digit of 14474?
4
What is the tens digit of 27807?
0
What is the tens digit of 3702?
0
What is the units digit of 1178?
8
What is the hundreds digit of 3869?
8
What is the thousands digit of 27181?
7
What is the hundreds digit of 153045?
0
What is the units digit of 8987?
7
What is the hundreds digit of 37561?
5
What is the thousands digit of 22015?
2
What is the thousands digit of 13821?
3
What is the thousands digit of 15817?
5
What is the tens digit of 870?
7
What is the thousands digit of 119280?
9
What is the units digit of 850?
0
What is the hundreds digit of 3471?
4
What is the hundreds digit of 527?
5
What is the tens digit of 919?
1
What is the units digit of 6747?
7
What is the units digit of 862?
2
What is the hundreds digit of 8102?
1
What is the units digit of 13201?
1
What is the thousands digit of 157000?
7
What is the thousands digit of 1980?
1
What is the ten thousands digit of 35650?
3
What is the units digit of 118087?
7
What is the thousands digit of 4258?
4
What is the tens digit of 4437?
3
What is the thousands digit of 3319?
3
What is the tens digit of 43463?
6
What is the units digit of 101172?
2
What is the units digit of 486?
6
What is the thousands digit of 2049?
2
What is the hundreds digit of 898?
8
What is the tens digit of 3689?
8
What is the hundreds digit of 838?
8
What is the thousands digit of 9127?
9
What is the tens digit of 5196?
9
What is the tens digit of 69390?
9
What is the thousands digit of 13818?
3
What is the thousands digit of 3578?
3
What is the tens digit of 181?
8
What is the tens digit of 573?
7
What is the tens digit of 2288?
8
What is the thousands digit of 1285?
1
What is the tens digit of 3582?
8
What is the hundreds digit of 359?
3
What is the units digit of 4968?
8
What is the units digit of 3319?
9
What is the tens digit of 1092?
9
What is the units digit of 3696?
6
What is the tens digit of 66473?
7
What is the tens digit of 19597?
9
What is the hundreds digit of 28903?
9
What is the units digit of 906?
6
What is the hundreds digit of 847?
8
What is the hundreds digit of 29472?
4
What is the units digit of 59?
9
What is the ten thousands digit of 15172?
1
What is the hundreds digit of 358?
3
What is the units digit of 2033?
3
What is the tens digit of 24879?
7
What is the hundred thousands digit of 179217?
1
What is the thousands digit of 1949?
1
What is the units digit of 11152?
2
What is the thousands digit of 15491?
5
What is the tens digit of 1589?
8
What is the thousands digit of 56545?
6
What is the tens digit of 1575?
7
What is the units digit of 1800?
0
What is the thousands digit of 3339?
3
What is the units digit of 43875?
5
What is the thousands digit of 2865?
2
What is the tens digit of 28498?
9
What is the units digit of 445?
5
What is the units digit of 176?
6
What is the ten thousands digit of 39794?
3
What is the hundreds digit of 107058?
0
What is the thousands digit of 3770?
3
What is the hundreds digit of 4795?
7
What is the units digit of 100511?
1
What is the hundreds digit of 1372?
3
What is the tens digit of 44659?
5
What is the hundreds digit of 2625?
6
What is the tens digit of 67080?
8
What is the tens digit of 328?
2
What is the thousands digit of 3545?
3
What is the hundreds digit of 731?
7
What is the hundreds digit of 39669?
6
What is the thousands digit of 149809?
9
What is the hundreds digit of 1903?
9
What is the units digit of 2495?
5
What is the tens digit of 7063?
6
What is the tens digit of 10355?
5
What is the tens digit of 35?
3
What is the units digit of 14172?
2
What is the hundreds digit of 31920?
9
What is the thousands digit of 3987?
3
What is the units digit of 815?
5
What is the tens digit of 1449?
4
What is the hundreds digit of 1457?
4
What is the thousands digit of 1127?
1
What is the hundreds digit of 1991?
9
What is the hundreds digit of 929?
9
What is the thousands digit of 6046?
6
What is the thousands digit of 21076?
1
What is the hundreds digit of 11599?
5
What is the thousands digit of 10405?
0
What is the thousands digit of 76058?
6
What is the units digit of 10435?
5
What is the hundreds digit of 540?
5
What is the units digit of 674?
4
What is the tens digit of 22343?
4
What is the hundreds digit of 602?
6
What is the tens digit of 13179?
7
What is the tens digit of 247?
4
What is the hundreds digit of 130?
1
What is the thousands digit of 15311?
5
What is the units digit of 998?
8
What is the ten thousands digit of 13182?
1
What is the hundreds digit of 866?
8
What is the thousands digit of 24796?
4
What is the units digit of 21190?
0
What is the units digit of 339?
9
What is the tens digit of 7503?
0
What is the hundreds digit of 482?
4
What is the hundreds digit of 67027?
0
What is the tens digit of 1412?
1
What is the hundreds digit of 8563?
5
What is the thousands digit of 6506?
6
What is the tens digit of 8416?
1
What is the units digit of 1432?
2
What is the tens digit of 504?
0
What is the units digit of 11857?
7
What is the units digit of 719?
9
What is the hundreds digit of 144?
1
What is the hundreds digit of 62730?
7
What is the units digit of 20021?
1
What is the tens digit of 76?
7
What is the thousands digit of 16625?
6
What is the thousands digit of 55910?
5
What is the hundreds digit of 548?
5
What is the hundreds digit of 1611?
6
What is the thousands digit of 2819?
2
What is the hundreds digit of 2316?
3
What is the hundreds digit of 45217?
2
What is the hundreds digit of 2463?
4
What is the units digit of 23273?
3
What is the thousands digit of 49255?
9
What is the ten thousands digit of 11085?
1
What is the thousands digit of 4936?
4
What is the thousands digit of 67031?
7
What is the thousands digit of 1346?
1
What is the units digit of 51035?
5
What is the tens digit of 8320?
2
What is the units digit of 13172?
2
What is the thousands digit of 6496?
6
What is the thousands digit of 42962?
2
What is the hundreds digit of 77588?
5
What is the thousands digit of 3210?
3
What is the hundreds digit of 3315?
3
What is the thousands digit of 66022?
6
What is the hundreds digit of 5158?
1
What is the hundreds digit of 493?
4
What is the ten thousands digit of 28859?
2
What is the units digit of 2961?
1
What is the units digit of 856?
6
What is the hundreds digit of 263?
2
What is the units digit of 73578?
8
What is the hundreds digit of 1422?
4
What is the hundreds digit of 83827?
8
What is the thousands digit of 8317?
8
What is the hundreds digit of 2073?
0
What is the tens digit of 6130?
3
What is the thousands digit of 6001?
6
What is the tens digit of 1553?
5
What is the thousands digit of 6020?
6
What is the units digit of 11515?
5
What is the hundreds digit of 121?
1
What is the units digit of 5373?
3
What is the tens digit of 1199?
9
What is the thousands digit of 29819?
9
What is the tens digit of 1926?
2
What is the tens digit of 2196?
9
What is the thousands digi